{"id":10327,"date":"2024-12-23T06:58:53","date_gmt":"2024-12-23T06:58:53","guid":{"rendered":"https:\/\/demo.wpzoom.com\/inspiro-medical-blocks\/?page_id=10327"},"modified":"2026-04-13T21:13:51","modified_gmt":"2026-04-14T02:13:51","slug":"sensor-lidar","status":"publish","type":"page","link":"https:\/\/dronegis.com.ec\/?page_id=10327","title":{"rendered":"Topograf\u00eda LIDAR"},"content":{"rendered":"\n<div class=\"wp-block-columns alignwide is-layout-flex wp-container-core-columns-is-layout-28f84493 wp-block-columns-is-layout-flex\">\n<div class=\"wp-block-column is-layout-flow wp-block-column-is-layout-flow\">\n<div class=\"wp-block-cover alignfull\" style=\"border-top-left-radius:44px;border-top-right-radius:44px;border-bottom-left-radius:44px;border-bottom-right-radius:44px;margin-top:0;margin-bottom:0;padding-top:0;padding-right:0px;padding-bottom:0;padding-left:0px;min-height:514px;aspect-ratio:unset;\"><img loading=\"lazy\" decoding=\"async\" width=\"1024\" height=\"461\" class=\"wp-block-cover__image-background wp-image-12454 size-large\" alt=\"\" src=\"https:\/\/dronegis.com.ec\/\/wp-content\/uploads\/2026\/03\/foto2-1024x461.jpg\" data-object-fit=\"cover\" srcset=\"https:\/\/dronegis.com.ec\/wp-content\/uploads\/2026\/03\/foto2-1024x461.jpg 1024w, https:\/\/dronegis.com.ec\/wp-content\/uploads\/2026\/03\/foto2-300x135.jpg 300w, https:\/\/dronegis.com.ec\/wp-content\/uploads\/2026\/03\/foto2.jpg 1487w\" sizes=\"auto, (max-width: 1024px) 100vw, 1024px\" \/><span aria-hidden=\"true\" class=\"wp-block-cover__background has-background-dim-0 has-background-dim\"><\/span><div class=\"wp-block-cover__inner-container has-global-padding is-layout-constrained wp-container-core-cover-is-layout-4381ca13 wp-block-cover-is-layout-constrained\">\n<p><\/p>\n<\/div><\/div>\n<\/div>\n<\/div>\n\n\n\n<h1 class=\"wp-block-heading animated fadeInUp\" style=\"font-size:clamp(27.894px, 1.743rem + ((1vw - 3.2px) * 1.779), 48px);\">Levantamientos topogr\u00e1ficos con sensor LIDAR: Precisi\u00f3n centim\u00e9trica en tiempo r\u00e9cord<\/h1>\n\n\n\n<p class=\"has-text-align-left animated fadeInUp has-primary-color has-text-color has-link-color has-medium-font-size wp-elements-8c6f7d35f1bad4c359ae29fc45a80db5 wp-container-content-b0223bd5\" style=\"font-style:normal;font-weight:500;line-height:1.2\">Digitaliza y planifica tu obra con LIDAR: modelos 3D para ingenier\u00eda y construcci\u00f3n; integra el dise\u00f1o de tus proyectos con nubes de puntos 3d.<\/p>\n\n\n\n<hr class=\"wp-block-separator has-text-color has-alpha-channel-opacity has-background is-style-wide\" style=\"margin-top:var(--wp--preset--spacing--small);margin-bottom:var(--wp--preset--spacing--small);background-color:#e7e7ec;color:#e7e7ec\"\/>\n\n\n\n<div class=\"wp-block-columns is-layout-flex wp-container-core-columns-is-layout-28f84493 wp-block-columns-is-layout-flex\">\n<div class=\"wp-block-column is-layout-flow wp-block-column-is-layout-flow\" style=\"flex-basis:66.66%\">\n<p class=\"has-text-align-left animated fadeInUp has-primary-color has-text-color has-link-color has-large-font-size wp-elements-720487a38064acbb804f8146b2ba99bc wp-container-content-b0223bd5\" style=\"font-style:normal;font-weight:600;line-height:1.2\">\u200b\u00bfCansado de los m\u00e9todos topogr\u00e1ficos lentos y costosos?<br><\/p>\n<\/div>\n\n\n\n<div class=\"wp-block-column is-layout-flow wp-block-column-is-layout-flow\" style=\"flex-basis:33.33%\"><\/div>\n<\/div>\n\n\n\n<div class=\"wp-block-columns is-layout-flex wp-container-core-columns-is-layout-28f84493 wp-block-columns-is-layout-flex\">\n<div class=\"wp-block-column is-layout-flow wp-block-column-is-layout-flow\">\n<p class=\"animated fadeInUp\" style=\"font-size:clamp(14px, 0.875rem + ((1vw - 3.2px) * 0.531), 20px);\">\u200bDrone &amp; GIS se encuentra permanentemente renovando sus equipos, manteni\u00e9ndonos al d\u00eda con las nuevas geo-tecnolog\u00edas. Mediante la integraci\u00f3n de Drones (UAV) de alto rendimiento y la tecnolog\u00eda LiDAR (Light Detection and Ranging), superamos las limitaciones de los m\u00e9todos convencionales, incluso en \u00e1reas de vegetaci\u00f3n densa o de dif\u00edcil acceso.<\/p>\n\n\n\n<p class=\"animated fadeInUp has-medium-font-size\">\u200b\u200bA diferencia de la fotogram\u00e9tria convencional con drones est\u00e1ndar el sensor LIDAR es un sensor activo que genera su propia luz y tiene mayor penetraci\u00f3n en zonas de vegetaci\u00f3n, lo que permite genera modelos digitales de terreno a trav\u00e9s de la vegetaci\u00f3n algo imposible de lograr con la fotogrametr\u00eda. <\/p>\n\n\n\n<p class=\"animated fadeInUp has-medium-font-size\">Con esta tecnolog\u00eda logramos recolectar directamente millones de puntos 3D (georreferenciados) con precisi\u00f3n centim\u00e9trica lo que lo hace ideal para proyectos de ingenier\u00eda.<\/p>\n\n\n\n<figure class=\"wp-block-image size-full has-custom-border animated fadeInUp\"><img loading=\"lazy\" decoding=\"async\" width=\"1000\" height=\"528\" src=\"https:\/\/dronegis.com.ec\/\/wp-content\/uploads\/2026\/03\/lidar2.jpg\" alt=\"\" class=\"wp-image-12575\" style=\"border-top-left-radius:28px;border-top-right-radius:28px;border-bottom-left-radius:28px;border-bottom-right-radius:28px\" srcset=\"https:\/\/dronegis.com.ec\/wp-content\/uploads\/2026\/03\/lidar2.jpg 1000w, https:\/\/dronegis.com.ec\/wp-content\/uploads\/2026\/03\/lidar2-300x158.jpg 300w\" sizes=\"auto, (max-width: 1000px) 100vw, 1000px\" \/><\/figure>\n\n\n\n<p class=\"has-x-small-font-size\">Nube de puntos LIDAR (vista Lateral)<\/p>\n<\/div>\n\n\n\n<div class=\"wp-block-column is-layout-flow wp-block-column-is-layout-flow\">\n<figure class=\"wp-block-video\"><video height=\"1090\" style=\"aspect-ratio: 1080 \/ 1090;\" width=\"1080\" controls src=\"https:\/\/dronegis.com.ec\/wp-content\/uploads\/2026\/04\/Copia-de-DJI_0031_2.mp4\"><\/video><\/figure>\n\n\n\n<p class=\"has-x-small-font-size\"><\/p>\n\n\n\n<p class=\"animated fadeInUp has-medium-font-size\">Cubrimos grandes extensiones de terreno en fracci\u00f3n del tiempo y del costo, minimizando el riesgo humano en zonas remotas o peligrosas.<\/p>\n\n\n\n<p class=\"animated fadeInUp has-medium-font-size\">EL sistema, al ser un sensor activo, funciona independientemente de las condiciones de luz natural.<\/p>\n<\/div>\n<\/div>\n\n\n\n<div class=\"wp-block-columns is-layout-flex wp-container-core-columns-is-layout-28f84493 wp-block-columns-is-layout-flex\">\n<div class=\"wp-block-column is-layout-flow wp-block-column-is-layout-flow\">\n<div class=\"wp-block-columns is-layout-flex wp-container-core-columns-is-layout-28f84493 wp-block-columns-is-layout-flex\">\n<div class=\"wp-block-column is-layout-flow wp-block-column-is-layout-flow\">\n<figure class=\"wp-block-image size-full animated fadeInUp delay-100ms\"><img loading=\"lazy\" decoding=\"async\" width=\"1000\" height=\"528\" src=\"https:\/\/dronegis.com.ec\/\/wp-content\/uploads\/2026\/03\/lidar3.jpg\" alt=\"\" class=\"wp-image-12576\" srcset=\"https:\/\/dronegis.com.ec\/wp-content\/uploads\/2026\/03\/lidar3.jpg 1000w, https:\/\/dronegis.com.ec\/wp-content\/uploads\/2026\/03\/lidar3-300x158.jpg 300w\" sizes=\"auto, (max-width: 1000px) 100vw, 1000px\" \/><\/figure>\n\n\n\n<p class=\"has-x-small-font-size\">Superficie generada mediante sistema LIDAR (malla de tri\u00e1ngulos)<br><\/p>\n<\/div>\n\n\n\n<div class=\"wp-block-column is-layout-flow wp-block-column-is-layout-flow\">\n<figure class=\"wp-block-image size-full animated fadeInUp delay-200ms\"><img loading=\"lazy\" decoding=\"async\" width=\"1000\" height=\"529\" src=\"https:\/\/dronegis.com.ec\/\/wp-content\/uploads\/2026\/03\/lidar4.jpg\" alt=\"\" class=\"wp-image-12577\" srcset=\"https:\/\/dronegis.com.ec\/wp-content\/uploads\/2026\/03\/lidar4.jpg 1000w, https:\/\/dronegis.com.ec\/wp-content\/uploads\/2026\/03\/lidar4-300x159.jpg 300w\" sizes=\"auto, (max-width: 1000px) 100vw, 1000px\" \/><\/figure>\n\n\n\n<p class=\"has-x-small-font-size\">Topograf\u00eda generada mediante sistema LIDAR (Curvas de nivel cada 1m)<\/p>\n<\/div>\n<\/div>\n<\/div>\n<\/div>\n\n\n\n<div class=\"wp-block-columns is-layout-flex wp-container-core-columns-is-layout-28f84493 wp-block-columns-is-layout-flex\">\n<div class=\"wp-block-column is-layout-flow wp-block-column-is-layout-flow\" style=\"flex-basis:66.66%\"><\/div>\n\n\n\n<div class=\"wp-block-column is-layout-flow wp-block-column-is-layout-flow\" style=\"flex-basis:33.33%\"><\/div>\n<\/div>\n\n\n\n<div class=\"wp-block-cover alignfull animated fadeInUp\" style=\"min-height:301px;aspect-ratio:unset;\"><span aria-hidden=\"true\" class=\"wp-block-cover__background has-background-dim-100 has-background-dim\"><\/span><div class=\"wp-block-cover__inner-container has-global-padding is-layout-constrained wp-block-cover-is-layout-constrained\">\n<h2 class=\"wp-block-heading has-text-align-center animated fadeInUp has-large-font-size\"><strong>Aplicaciones y servicios<\/strong><\/h2>\n<\/div><\/div>\n\n\n\n<div style=\"height:100px\" aria-hidden=\"true\" class=\"wp-block-spacer\"><\/div>\n\n\n\n<div class=\"wp-block-columns is-layout-flex wp-container-core-columns-is-layout-28f84493 wp-block-columns-is-layout-flex\">\n<div class=\"wp-block-column is-layout-flow wp-block-column-is-layout-flow\">\n<p class=\"animated fadeInUp has-medium-font-size\"><strong>Ingenier\u00eda civil y construcci\u00f3n:<\/strong><\/p>\n\n\n\n<ul class=\"wp-block-list\">\n<li class=\"animated fadeInUp has-medium-font-size\">Calculo preciso de vol\u00famenes de obra y movimiento de tierras.<\/li>\n<\/ul>\n\n\n\n<ul class=\"wp-block-list\">\n<li class=\"animated fadeInUp has-medium-font-size\">Inspecci\u00f3n de avance y control de calidad<\/li>\n<\/ul>\n\n\n\n<ul class=\"wp-block-list\">\n<li class=\"animated fadeInUp\" style=\"font-size:clamp(14px, 0.875rem + ((1vw - 3.2px) * 0.531), 20px);\">Topograf\u00eda para estudios viales: integrando los levantamientos LiDAR con levantamientos convencionales con estaci\u00f3n total se puede obtener resultados \u00fanicos en cuanto a precisi\u00f3n y calidad.<\/li>\n<\/ul>\n\n\n\n<ul class=\"wp-block-list\">\n<li class=\"animated fadeInUp has-medium-font-size\">Generaci\u00f3n de perfiles longitudinales y transversales.<\/li>\n<\/ul>\n<\/div>\n\n\n\n<div class=\"wp-block-column is-layout-flow wp-block-column-is-layout-flow\"><\/div>\n<\/div>\n\n\n\n<div class=\"wp-block-columns is-layout-flex wp-container-core-columns-is-layout-28f84493 wp-block-columns-is-layout-flex\">\n<div class=\"wp-block-column is-layout-flow wp-block-column-is-layout-flow\"><\/div>\n\n\n\n<div class=\"wp-block-column is-layout-flow wp-block-column-is-layout-flow\">\n<p class=\"animated fadeInUp has-medium-font-size\"><strong>Miner\u00eda y canteras:<\/strong><\/p>\n\n\n\n<ul class=\"wp-block-list has-medium-font-size\">\n<li class=\"animated fadeInUp\">Inventario de reservas<\/li>\n\n\n\n<li class=\"animated fadeInUp\">Control de vol\u00famenes de material extra\u00eddo<\/li>\n\n\n\n<li class=\"animated fadeInUp\">Control de seguridad de taludes<\/li>\n<\/ul>\n<\/div>\n<\/div>\n\n\n\n<p class=\"animated fadeInUp has-medium-font-size\"><strong>Catastro y Ordenamiento Territorial:<\/strong><\/p>\n\n\n\n<ul class=\"wp-block-list\">\n<li class=\"animated fadeInUp has-medium-font-size\">Actualizaci\u00f3n de mapas catastrales<\/li>\n\n\n\n<li class=\"animated fadeInUp has-medium-font-size\">Generaci\u00f3n de modelos de elevaci\u00f3n de alta resoluci\u00f3n.<\/li>\n<\/ul>\n\n\n\n<div class=\"wp-block-columns is-layout-flex wp-container-core-columns-is-layout-28f84493 wp-block-columns-is-layout-flex\">\n<div class=\"wp-block-column is-layout-flow wp-block-column-is-layout-flow\">\n<p><\/p>\n<\/div>\n\n\n\n<div class=\"wp-block-column is-layout-flow wp-block-column-is-layout-flow\">\n<p class=\"animated fadeInUp has-medium-font-size\"><strong>Arqueolog\u00eda y monitoreo ambiental:<\/strong><\/p>\n\n\n\n<ul class=\"wp-block-list\">\n<li class=\"animated fadeInUp\" style=\"font-size:clamp(14px, 0.875rem + ((1vw - 3.2px) * 0.531), 20px);\">Modelamiento de estructuras ocultas (por vegetaci\u00f3n)<\/li>\n\n\n\n<li class=\"animated fadeInUp has-medium-font-size\">Seguimiento de cambios geol\u00f3gicos<\/li>\n\n\n\n<li class=\"animated fadeInUp\" style=\"font-size:clamp(14px, 0.875rem + ((1vw - 3.2px) * 0.531), 20px);\">C\u00e1lculos de vol\u00famen de cobertura vegetal<\/li>\n\n\n\n<li class=\"animated fadeInUp has-medium-font-size\">Calculo de altura de dosel<\/li>\n<\/ul>\n<\/div>\n<\/div>\n\n\n\n<p class=\"animated fadeInUp has-medium-font-size\"><strong>Arquitectura<\/strong><\/p>\n\n\n\n<div class=\"wp-block-columns is-layout-flex wp-container-core-columns-is-layout-28f84493 wp-block-columns-is-layout-flex\">\n<div class=\"wp-block-column is-layout-flow wp-block-column-is-layout-flow\">\n<ul class=\"wp-block-list\">\n<li class=\"animated fadeInUp\" style=\"font-size:clamp(14px, 0.875rem + ((1vw - 3.2px) * 0.531), 20px);\">Modelado 3D para proyectos arquitect\u00f3nicos. Implantaci\u00f3n de dise\u00f1os arquitect\u00f3nicos en nubes de puntos LIDAR para visualizar y proyectar el dise\u00f1o sobre el terreno. Flujo de trabajo que permite integrar modelos arquitect\u00f3nicos en nubes de puntos LiDAR y ofrece una precisi\u00f3n centim\u00e9trica al proyectar c\u00f3mo interactuar\u00e1 una estructura con la topograf\u00eda real y los elementos preexistentes. <\/li>\n<\/ul>\n<\/div>\n\n\n\n<div class=\"wp-block-column is-layout-flow wp-block-column-is-layout-flow\">\n<figure class=\"wp-block-image size-full has-custom-border\"><img loading=\"lazy\" decoding=\"async\" width=\"900\" height=\"462\" src=\"https:\/\/dronegis.com.ec\/wp-content\/uploads\/2026\/04\/df2b8f6c-0cce-4f97-a21e-c57f743ade49.jpg\" alt=\"\" class=\"wp-image-12659\" style=\"border-top-left-radius:28px;border-top-right-radius:28px;border-bottom-left-radius:28px;border-bottom-right-radius:28px\" srcset=\"https:\/\/dronegis.com.ec\/wp-content\/uploads\/2026\/04\/df2b8f6c-0cce-4f97-a21e-c57f743ade49.jpg 900w, https:\/\/dronegis.com.ec\/wp-content\/uploads\/2026\/04\/df2b8f6c-0cce-4f97-a21e-c57f743ade49-300x154.jpg 300w\" sizes=\"auto, (max-width: 900px) 100vw, 900px\" \/><\/figure>\n<\/div>\n<\/div>\n","protected":false},"excerpt":{"rendered":"<p>Levantamientos topogr\u00e1ficos con sensor LIDAR: Precisi\u00f3n centim\u00e9trica en tiempo r\u00e9cord Digitaliza y planifica tu obra con LIDAR: modelos 3D para ingenier\u00eda y construcci\u00f3n; integra el dise\u00f1o de tus proyectos con nubes de puntos 3d. \u200b\u00bfCansado de los m\u00e9todos topogr\u00e1ficos lentos y costosos? \u200bDrone &amp; GIS se encuentra permanentemente renovando sus equipos, manteni\u00e9ndonos al d\u00eda con &hellip; <\/p>\n<p class=\"link-more\"><a href=\"https:\/\/dronegis.com.ec\/?page_id=10327\" class=\"more-link\">Leer m\u00e1s<span class=\"screen-reader-text\"> \u00abTopograf\u00eda LIDAR\u00bb<\/span><\/a><\/p>\n","protected":false},"author":1,"featured_media":0,"parent":0,"menu_order":0,"comment_status":"closed","ping_status":"closed","template":"","meta":{"_eb_attr":"","_themeisle_gutenberg_block_has_review":false,"inspiro_hide_title":true,"footnotes":""},"class_list":["post-10327","page","type-page","status-publish","hentry"],"featured_media_urls":[],"_links":{"self":[{"href":"https:\/\/dronegis.com.ec\/index.php?rest_route=\/wp\/v2\/pages\/10327","targetHints":{"allow":["GET"]}}],"collection":[{"href":"https:\/\/dronegis.com.ec\/index.php?rest_route=\/wp\/v2\/pages"}],"about":[{"href":"https:\/\/dronegis.com.ec\/index.php?rest_route=\/wp\/v2\/types\/page"}],"author":[{"embeddable":true,"href":"https:\/\/dronegis.com.ec\/index.php?rest_route=\/wp\/v2\/users\/1"}],"replies":[{"embeddable":true,"href":"https:\/\/dronegis.com.ec\/index.php?rest_route=%2Fwp%2Fv2%2Fcomments&post=10327"}],"version-history":[{"count":76,"href":"https:\/\/dronegis.com.ec\/index.php?rest_route=\/wp\/v2\/pages\/10327\/revisions"}],"predecessor-version":[{"id":12685,"href":"https:\/\/dronegis.com.ec\/index.php?rest_route=\/wp\/v2\/pages\/10327\/revisions\/12685"}],"wp:attachment":[{"href":"https:\/\/dronegis.com.ec\/index.php?rest_route=%2Fwp%2Fv2%2Fmedia&parent=10327"}],"curies":[{"name":"wp","href":"https:\/\/api.w.org\/{rel}","templated":true}]}}